4*l + 4. What is d(-5)?
59
Let d(r) = -r**3 + 23*r**2 + 29*r - 234. Give d(24).
-114
Let k(w) = -2*w**3 - 67*w**2 - 104*w - 108. Determine k(-32).
148
Let y(p) = -p**3 - 87*p**2 - 321*p + 901. Determine y(-83).
-12
Let m(c) = c**2 - 175*c + 5311. Calculate m(39).
7
Let u(x) = -15*x - 424. Give u(-39).
161
Let h(p) = -209*p + 1190. Calculate h(5).
145
Let x(o) = -732*o + 17575. Give x(24).
7
Let s(u) = -u**2 - 29*u + 251. Determine s(9).
-91
Let m(y) = -3*y**2 - 86*y - 400. Calculate m(-5).
-45
Let c(j) = j**2 + 41*j + 356. Give c(-12).
8
Let v(j) = 13*j - 643. Calculate v(51).
20
Let y(k) = 6*k**2 - 200*k + 80. What is y(33)?
14
Let c(o) = -154*o**3 + 5*o**2 - 21*o + 15. Determine c(1).
-155
Let t(u) = -57*u + 2. What is t(-6)?
344
Let t(o) = 158*o + 853. What is t(-5)?
63
Let p(g) = -51*g + 351. Determine p(4).
147
Let f(g) = -2*g**3 + 11*g**2 + 15*g - 96. What is f(4)?
12
Let m(x) = -31*x**2 - 4648*x + 196. Calculate m(-150).
-104
Let q(u) = u**2 + 84*u + 536. Determine q(-75).
-139
Let c(x) = x**3 - 15*x**2 - 12*x - 50. What is c(16)?
14
Let u(i) = -i**2 - 106*i - 1833. Calculate u(-25).
192
Let d(l) = -4*l + 13. Calculate d(-3).
25
Let n(u) = 257*u + 15671. Calculate n(-61).
-6
Let j(q) = 2011*q + 16085. What is j(-8)?
-3
Let x(v) = 3*v**3 - v**2 - 19*v + 7. Give x(-4).
-125
Let u(f) = -f**3 + 28*f**2 + 30*f - 57. What is u(29)?
-28
Let c(o) = -2*o**2 - 198*o + 836. Calculate c(-103).
12
Let o(z) = -3719*z + 3725. Calculate o(1).
6
Let t(u) = -2*u**2 - 52*u + 853. What is t(11)?
39
Let u(b) = -3*b**2 + 38*b - 58. Give u(2).
6
Let w(v) = 3*v**3 - 75*v**2 - 75*v - 42. Give w(26).
36
Let t(v) = -4*v**2 - 440*v + 5851. Determine t(-122).
-5
Let g(j) = -j**3 + 36*j**2 - 216*j + 9357. Calculate g(37).
-4
Let c(b) = b**3 - 16*b**2 - 8*b - 125. Determine c(17).
28
Let t(b) = b**2 - 19*b + 6. Calculate t(18).
-12
Let u(c) = 2*c**2 - 29*c + 58. Determine u(16).
106
Let b(x) = -257*x + 3794. Determine b(18).
-832
Let r(z) = -z**3 - 26*z**2 + 81*z + 697. What is r(-28)?
-3
Let o(c) = -13369*c + 66844. What is o(5)?
-1
Let q(j) = j**3 - 7*j**2 - 16*j - 142. Determine q(10).
-2
Let n(m) = m**3 - 17*m**2 + 88*m - 595. Determine n(13).
-127
Let c(m) = -6*m + 39. Determine c(9).
-15
Let y(q) = q**2 - 34*q + 154. Calculate y(8).
-54
Let m(o) = -2*o**2 + 261*o - 1490. Determine m(6).
4
Let r(z) = z**3 - 4*z**2 + 13*z - 16. Give r(3).
14
Let x(l) = -11*l**3 + 23*l**2 - 26*l + 4. Give x(1).
-10
Let k(n) = 128*n + 2039. Calculate k(-16).
-9
Let i(l) = 3*l - 36. What is i(10)?
-6
Let z(w) = w**3 - 170*w**2 - 341*w + 4. Determine z(-2).
-2
Let o(w) = -w**2 + 44*w - 258. Calculate o(7).
1
Let p(r) = 257*r - 10267. Calculate p(40).
13
Let h(z) = 20*z + 702. Determine h(-32).
62
Let f(q) = 2*q**3 - 47*q**2 + 50*q - 107. Calculate f(24).
1669
Let f(m) = -m**3 - 54*m**2 - 58*m - 69. Determine f(-53).
196
Let l(w) = 23*w**3 + 2*w**2 - 6*w - 9. Give l(-1).
-24
Let g(r) = -r**3 + 17*r**2 + 46*r - 3. Calculate g(19).
149
Let h(n) = -20*n - 329. What is h(-39)?
451
Let w(z) = -z**3 - 9*z**2 - 18*z + 1. What is w(-4)?
-7
Let z(n) = -4*n**2 + 5*n + 51. What is z(8)?
-165
Let b(k) = -35*k**2 + 68*k + 14. What is b(2)?
10
Let h(x) = -7*x + 279. Give h(-16).
391
Let y(r) = -r**3 + 7*r**2 + 30*r - 220. What is y(7)?
-10
Let g(a) = -2*a**3 + 36*a**2 - 55*a + 353. Calculate g(17).
-4
Let w(d) = 10*d**2 - 73*d + 24. Give w(7).
3
Let l(q) = -q**3 + 10*q**2 - 25*q + 21. What is l(10)?
-229
Let c(h) = 68*h - 5510. What is c(81)?
-2
Let j(d) = -37*d**2 + 999*d + 5. What is j(27)?
5
Let r(x) = -1906*x + 19. What is r(0)?
19
Let y(a) = -419*a + 50285. What is y(120)?
5
Let v(f) = f**2 + 72*f + 417. Calculate v(-72).
417
Let w(a) = -5*a**2 - 104*a - 20. Determine w(-22).
-152
Let w(y) = -945*y + 18890. Give w(20).
-10
Let c(o) = o**2 - 43*o + 225. What is c(38)?
35
Let b(y) = -y**3 - 36*y**2 + 34*y - 122. Give b(-37).
-11
Let d(a) = -1371*a + 10953. What is d(8)?
-15
Let w(f) = -f**2 - 40*f - 135. Calculate w(-36).
9
Let w(m) = 43*m**2 + 17*m - 4. Give w(-2).
134
Let l(k) = 31*k**2 + 8*k + 45. Calculate l(-3).
300
Let q(l) = l**2 + 52*l + 425. Calculate q(-14).
-107
Let p(u) = 12*u**2 + 171*u + 45. Give p(-14).
3
Let y(h) = -h**2 + 6*h - 17. Determine y(3).
-8
Let a(d) = -2*d**3 - 42*d**2 - 79*d + 111. What is a(-19)?
168
Let s(a) = -a**3 - 59*a**2 + 68*a + 503. Give s(-60).
23
Let q(w) = w**3 - 7*w**2 - 9*w + 29. Give q(8).
21
Let y(v) = v**3 + 5*v**2 + 2*v + 28. Calculate y(-7).
-84
Let x(q) = -q**2 - 550*q + 6162. Determine x(11).
-9
Let v(j) = 455*j + 4965. Give v(-11).
-40
Let u(y) = -627*y - 45756. What is u(-73)?
15
Let r(n) = 12*n + 101. Give r(-1).
89
Let z(f) = f**2 + 152*f + 908. Give z(-6).
32
Let l(y) = -10*y + 69. Give l(11).
-41
Let m(x) = 47*x - 1006. Calculate m(26).
216
Let h(i) = 2*i**3 - 50*i**2 + 12*i - 57. Give h(25).
243
Let l(i) = 10*i**2 - 321*i + 1107. Calculate l(4).
-17
Let c(p) = 3625*p + 25385. Calculate c(-7).
10
Let b(w) = -31*w + 202. Calculate b(7).
-15
Let g(r) = r**3 - 10*r - 30. Determine g(-6).
-186
Let t(k) = -4*k**2 - 31*k + 85. Give t(-12).
-119
Let s(c) = -c**3 + 35*c**2 - 126*c + 50. Calculate s(31).
-12
Let b(y) = 459*y - 7800. Give b(17).
3
Let i(n) = 120*n + 237. What is i(-3)?
-123
Let t(z) = 6*z**2 - 27*z - 14. Calculate t(8).
154
Let m(n) = -n**3 + 32*n**2 - 98*n + 69. Give m(28).
461
Let j(x) = x**3 + 6*x**2 - 24*x - 16. Give j(-6).
128
Let c(h) = 10*h**2 + 7*h - 10. Give c(1).
7
Let d(u) = -u**3 + 129*u**2 + 7*u - 915. What is d(129)?
-12
Let b(l) = l**3 - 86*l**2 - 153*l + 5747. What is b(87)?
5
Let s(v) = -v**3 + 24*v**2 + 48*v + 81. What is s(26)?
-23
Let q(k) = -37*k**2 - 44*k - 22. Calculate q(-1).
-15
Let k(n) = 4*n**2 + 83*n - 384. Give k(5).
131
Let q(u) = u**3 + 11*u**2 + 112*u + 353. Determine q(-4).
17
Let r(p) = -551*p - 6051. Determine r(-11).
10
Let t(w) = 2*w**3 - 4*w**2 - 4*w + 7. Calculate t(5).
137
Let c(l) = 14*l**2 + 18*l - 18. Determine c(1).
14
Let g(c) = -3126*c - 24. Determine g(0).
-24
Let j(o) = -o**2 - 193*o - 1829. What is j(-10)?
1
Let s(v) = -v**2 + 41*v + 1066. Calculate s(59).
4
Let j(m) = 4*m**3 + 16*m**2 - 12*m - 4. Determine j(-4).
44
Let d(y) = -2*y**3 - 6*y**2 + 13*y - 14. What is d(-7)?
287
Let u(c) = -c**3 - 9*c + 350. What is u(0)?
350
Let l(w) = -2*w**3 + 23*w**2 + 38*w + 132. What is l(14)?
-316
Let m(b) = -42*b + 56. Calculate m(-3).
182
Let z(p) = 4*p**2 + 38*p + 98. Give z(-5).
8
Let i(q) = -q**3 + 9*q**2 - 1134*q + 10216. Give i(9).
10
Let r(a) = 968*a - 2930. What is r(3)?
-26
Let j(q) = -116*q - 409. Calculate j(-4).
55
Let h(w) = -w**3 + 28*w**2 + 29*w - 29. Give h(29).
-29
Let h(x) = -x**3 + 11*x**2 - 62*x + 296. Determine h(7).
58
Let n(l) = -11*l**3 + 78*l**2 - 18*l + 161. Give n(7).
84
Let j(w) = -27*w + 389. Give j(14).
11
Let j(f) = f**3 - 17*f**2 - 51*f + 212. Calculate j(19).
-35
Let s(a) = -a**2 - 1060*a + 2122. Determine s(2).
-2
Let s(o) = -o**3 - 21*o**2 + 46*o + 5. Determine s(2).
5
Let x(c) = c**2 + 21251*c + 84979. Give x(-4).
-9
Let t(n) = -n**2 - 54*n + 488. Give t(8).
-8
Let k(m) = -201*m + 621. Give k(3).
18
Let f(c) = 32*c + 1686. What is f(-53)?
-10
Let o(k) = k**3 - 48*k**2 + 18*k - 859. Determine o(48).
5
Let t(w) = -603*w + 4096. What is t(6)?
478
Let q(k) = -32542*k - 260338. What is q(-8)?
-2
Let v(p) = -p**3 - 11*p**2 - 75*p + 27. What is v(0)?
27
Let a(d) = 122*d + 15. What is a(0)?
15
Let p(m) = m**2 - 16*m - 88. Calculate p(24).
104
Let m(l) = 13*l + 1091. What is m(-39)?
584
Let q(u) = -4*u**2 + 47*u + 102. Give q(-2).
-8
Let y(d) = 1696*d + 11897. Give y(-7).
25
Let c(b) = -b**3 + 14*b**2 + 2066*b + 30. Calculate c(-39).
69
Let b(a) = 2*a**3 - 31*a**2 + 95*a - 120. Give b(12).
12
Let i(f) = f**2 + 81*f + 430. Calculate i(-75).
-20
Let z(y) = -26*y**2 + 1142*y + 101. Calculate z(44).
13
Let t(x) = -47*x - 292. What is t(-6)?
-10
Let r(x) = -x**3 + 2*x**2 + 3*x + 16. Calculate r(-4).
100
Let v(p) = 38*p + 4488. Determine v(-119).
-34
Let w(o) = o**3 + 58*o**2 + 109*o - 147. Give w(-56).
21
Let v(g) = -5*g - 75. Calculate v(-15).
0
Let j(u) = -109*u + 1014. What is j(10)?
-76
Let k(d) = -6*d - 5. What is k(0)?
-5
Let q(m) = m**2 - 138*m + 4752. Determine q(76).
40
Let h(u) = u**3 + 6*u**2 - 213*u + 695. Determine h(9).
-7
Let o(s) = 56*s + 1072. Give o(-18)